he prime factors of 9765/30*l/28.
3, 31
Let c = -994 - -986. What are the prime factors of (140/c)/((-3)/150)?
5, 7
Suppose 22*b = 74412 + 29076. List the prime factors of b.
2, 3, 7
Let j(b) = 83*b + 197. List the prime factors of j(55).
2, 2381
Let z(l) = -13*l**2 + 5*l + 79. Let b be z(7). Let i = 859 + b. What are the prime factors of i?
2, 3, 7
Suppose -4*h + 11*h + 42 = 0. Let n be 36/(-2) - (-8 - h). Let q = 160 + n. What are the prime factors of q?
2, 3
What are the prime factors of 2/(-13) + 0 + (-24)/(9672/(-5637629))?
3, 4663
Suppose 5*h - 5*d = 0, 3*h - 8*d = -3*d - 6. Suppose -h*b + 130 = 31. Let v = 10 + b. What are the prime factors of v?
43
Let b = -20865 + 38388. What are the prime factors of b?
3, 11, 59
Suppose m + y + 45 = -m, 0 = -2*m + 4*y - 60. Let i(q) = q**3 - 10*q**2 + 21*q + 12. Let r be i(6). List the prime factors of (-965)/r + (-4)/m.
7, 23
Let f be 0 + 2 - (11 - 3)/1. List the prime factors of (16/f - -2)/((-37)/21978).
2, 3, 11
Suppose 7*k - 4 = 6*k. Let j(n) = n - 2. Let i be j(5). Suppose -4*p + 6*p = k*b - 184, 132 = i*b - 3*p. List the prime factors of b.
2, 3
List the prime factors of (28 - 17 - 4) + 81345.
2, 10169
Suppose -336*r - 314896 = -341*r + 3*c, -2*c = 2*r - 125936. What are the prime factors of r?
5, 11, 229
Suppose 5*l + 184 - 4534 = 0. Suppose 5*g = n + 4*n - l, -3*g - 517 = -2*n. Let k = 253 + g. List the prime factors of k.
2, 3, 7
Let h(s) = -37*s - 38. Let l(t) = 8*t + 42. Let k be l(-6). What are the prime factors of h(k)?
2, 23
Let d be 4/(-20) + ((-9)/15)/(-3). Suppose -r - 75 + 256 = d. Let s = -128 + r. What are the prime factors of s?
53
List the prime factors of (-1483470)/(-28) - (25 + 4537/(-182)).
52981
Suppose 3*o = 5*k - 3907, 4*o = k - 480 - 298. What are the prime factors of k?
2, 17, 23
Let s be 74765/25 - ((-4)/(-5))/(-2). Suppose 0 = -5*u + y + 2320, -5*u - y - 681 + s = 0. List the prime factors of u.
463
Suppose -97309 = -67*k + 58332. What are the prime factors of k?
23, 101
Suppose -c = 1882 + 1174. List the prime factors of c/12*((-12)/(-8) + -3).
2, 191
Suppose 3*k - 331 = 4*i, -3*i + 4*k = i + 336. Let b = 83 + i. Suppose -b*w = -0*r + 4*r - 796, 211 = w - 3*r. What are the prime factors of w?
2, 101
Suppose -u = -3*k - 4712, 2*k - 5*u + 2656 = -468. Let w = k - -2266. What are the prime factors of w?
2, 347
Suppose -37*w + 977 = 311. List the prime factors of w.
2, 3
Let u(k) = 2*k**2 + 16*k + 21. Let w be u(-5). What are the prime factors of w/2*(8 - 94)?
3, 43
Let s(h) = 71*h**2 - 144*h + 767. What are the prime factors of s(5)?
2, 911
Let l(u) = 62*u - 51*u + 2 + 75*u. List the prime factors of l(5).
2, 3
Let i(j) = 514*j + 21. Let z be i(7). Suppose -7*r = -z + 714. List the prime factors of r.
5, 83
Suppose 0 = -2*n - 6 + 470. Suppose -185 = 3*a + n. Let s = 258 + a. List the prime factors of s.
7, 17
Suppose -42*z + 41*z = 11. Let q(p) be the third derivative of -11*p**4/24 - 11*p**3/6 + p**2. List the prime factors of q(z).
2, 5, 11
List the prime factors of ((-61190)/20)/((-8)/16).
29, 211
Suppose 15*g - 116 = 11*g. Suppose 4*v = 2*v + 24. Suppose g = v*c - 907. List the prime factors of c.
2, 3, 13
Let s be -3 - -5 - 9688/(-14). Let n = s - 311. List the prime factors of n.
383
Suppose 4*b - 5*b + 275 = 0. Let z = -392 + b. Let g = -78 - z. List the prime factors of g.
3, 13
Let x = -49 + 62. Suppose -414 = -x*j + 4*j. What are the prime factors of j?
2, 23
Let o(r) = 9*r + 15. Let g be o(-3). Let t be (8/g)/(-2)*45. Suppose 0 = -16*s + t*s + 90. List the prime factors of s.
2, 3, 5
Let q(t) = -79*t + 1641. List the prime factors of q(-87).
2, 3, 11, 43
Let g(u) = 6*u**2 + 10*u - 13. List the prime factors of g(3).
71
Let y be ((-200)/(-12))/(1 + 14/(-18)). Let w = y + -66. Suppose -b - 5*l + w*l + 103 = 0, 2*l + 10 = 0. List the prime factors of b.
83
Let n(s) = 2*s**3 + 20*s**2 - 8*s + 6. Let w(o) = o**2 - 14*o - 10. Let d be w(14). List the prime factors of n(d).
2, 43
Suppose 0 = 7*c - 12*c + 2*i - 564, 0 = 2*c - i + 226. What are the prime factors of (c/12)/(10/315*-1)?
2, 3, 7
Let a(x) = -446*x - 889. List the prime factors of a(-13).
4909
Suppose -62605*m + 122292 = -62599*m. What are the prime factors of m?
2, 3, 43, 79
Suppose -2*k = -2*p - 6, -k - 7*p + 2*p = -9. Let j be (16/6 + -2)*30/k. List the prime factors of 6/j*(-810)/(-36).
3
Suppose -5*f - 10 = s, 3*f + 5*s + 29 = -f. Suppose 4*a - 4*m = 168, -3*m - 3 + 97 = 2*a. List the prime factors of (2 - a)*(4/6 + f).
2, 7
Let d(f) = -12*f + 10. Let u(p) = p + 1. Let i(x) = 4*d(x) - 40*u(x). Let s = -65 - -63. What are the prime factors of i(s)?
2, 11
Suppose -5*v + 5650 + 1525 = 0. Suppose 5*t = -2*g + 2874, 5*g - 4*g + 3*t = v. Suppose 0 = 9*c - g - 101. List the prime factors of c.
2, 43
Suppose -8*l - 32420 = -101348. Suppose 139*a = 131*a + l. What are the prime factors of a?
3, 359
Let a be 4 + -1 + -3 + 240. Suppose -4*h + a = t, 4*t = 8*t + h - 960. What are the prime factors of t?
2, 3, 5
Suppose 53*l - 1145964 = -229859. What are the prime factors of l?
5, 3457
Suppose 345*z = 334*z + 8767. What are the prime factors of z?
797
Let q = -244 - -262. List the prime factors of q/27*(616 - (2 + -1)).
2, 5, 41
Let o(x) = -2*x**3 - 5*x**2 + 5*x - 1. Let q be o(-4). Suppose 0 = -w - q - 53. Let a = -43 - w. What are the prime factors of a?
37
List the prime factors of -9 - (9 + -5 + -7282).
3, 2423
Suppose -49 = -4*m - 5*y, m - 19 = y - 0*y. What are the prime factors of 3300/m - (-3)/(-12)?
2, 103
Suppose 5*k = -0*k - 885. Suppose -3*t + 17*i + 32 = 18*i, 3*t - 5*i - 56 = 0. Let u = t - k. List the prime factors of u.
3, 7
Let n be 3/(-1) - ((-20)/4 - 2). Suppose 5232 = n*t - g, 19*t + g - 2616 = 17*t. List the prime factors of t.
2, 3, 109
Let c = 11544 - 8003. List the prime factors of c.
3541
Let c = 1184 + 3382. What are the prime factors of c?
2, 3, 761
Let p(y) = -y**2 - 5*y + 5. Let i be p(-6). Suppose 24 = -423*b + 411*b. What are the prime factors of ((-226)/(-2))/(i - b)?
113
Let p = -4452 + 7985. List the prime factors of p.
3533
Let r be (-837)/216 - (6/30 - 3/40). Let s(d) be the third derivative of -d**6/60 + d**5/15 + d**4/6 - 2*d**3/3 + d**2. List the prime factors of s(r).
2, 43
Let x be 8*-1 - -4 - -179. Suppose x = -6*a + 11*a. What are the prime factors of a - -3*(-3)/(-9)?
2, 3
Let u be 6*(-3)/(-6) + -28285 - 5. List the prime factors of u/(-45) - 3/5.
2, 157
Suppose -733*j + 296541 = -706*j. List the prime factors of j.
3, 7, 523
Suppose 5*l = -2*j + 876, -3*l = 2*j - 4*l - 900. Suppose 0 = 6*k + j - 2236. Suppose 0 = 2*h - 0*h - 10, 2*m - 2*h = k. List the prime factors of m.
2, 7, 11
Suppose -6*o = 11*o - 34. List the prime factors of (-5)/40*0 + (o - -342).
2, 43
Let l = -147 + 150. Suppose 2*m - q - 145 = -4*q, 3*m + l*q - 225 = 0. List the prime factors of m.
2, 5
Suppose 5*t = -3*h + 285, 2*t - 99 - 6 = -3*h. Suppose 8*p + 4 = -t. List the prime factors of (-2)/p + (5067/12)/3.
3, 47
Suppose 15*v = 20*v - 140. What are the prime factors of 12/v*-1 + (-1746)/(-7)?
3, 83
Let s = -15502 + 27313. What are the prime factors of s?
3, 31, 127
Let s be (80/15 + -2)/(4/42). List the prime factors of (7/(s/(-152)))/(2/(-10)).
2, 19
Let r be 5 + -2 + 12 + -12. Suppose 3*q = -2*p, -q - 3*p - 13 = -r*q. Suppose 4*c + 3*w - 834 = 0, -c = -q*w - 102 - 101. What are the prime factors of c?
3, 23
Let g = 288 - 283. Suppose 3*b + b + 162 = 2*u, 5*b - 375 = -g*u. List the prime factors of u.
7, 11
Let s = 4845 + -2658. What are the prime factors of s?
3
Let h(d) = -18*d - 5. Let g be h(-5). Suppose 2*q + 9*x - 8*x = 20, 5*x = 2*q - 8. Let c = g + q. List the prime factors of c.
2, 47
Let p(j) = -2*j + 18. Let t be p(6). Let a be 13/((-117)/(-1806)) + (-4)/t. Suppose 5*l - 35 = a. What are the prime factors of l?
47
Let n(i) = i. Let h(z) = z**2 + 9*z + 294. Let j(l) = h(l) - 2*n(l). List the prime factors of j(0).
2, 3, 7
Let x(j) = -3*j**3 - 7*j**2 + 6*j + 8. Let n be x(-6). Suppose -286 - n = -6*r. What are the prime factors of r?
109
Let d(a) be the third derivative of -a**4/4 + a**3/6 - 62*a**2. Let s = -5 + -8. What are the prime factors of d(s)?
79
Suppose -4*v = 6*n + 11469 - 49131, -3*v + 28239 = -3*n. What are the prime factors of v?
2, 3, 523
Let b = 488 + 158. Suppose -5